2/(-5)?
2
Suppose 0 = m - 10 + 11. Let d(g) = 7 - g + 4 + 6*g**2 - 9 + 5*g. What is the units digit of d(m)?
4
Let d(t) = 11*t**2 - 8*t - 475. What is the units digit of d(39)?
4
What is the hundreds digit of (-30)/(-12)*(-535)/50*-32?
8
Let w = -11879 + 21480. What is the units digit of w?
1
Let w = 56 - 164. Let m = -47 - w. Suppose 4*b + m = 189. What is the tens digit of b?
3
Suppose 0 = 5*p - 8 + 18. Let m(i) = -4*i**3 + 2*i**2 + i. Let j be m(p). What is the tens digit of j/133 - 82/(-7)?
1
Suppose 0 = -3*s - 2*c + 94228, s - 125*c + 138*c = 31360. What is the tens digit of s?
1
Let c be 8/(-2)*(-4)/(-8). Let v(z) = 2*z**2 + 7*z + 8. Let r be v(c). Suppose 4*s = -r*t + 270, -4*s + 194 = -4*t - 46. What is the tens digit of s?
6
Suppose -x - k = 4*x - 194827, -3*k = 2*x - 77949. What is the tens digit of x?
6
Let o = 2266 + -1233. Suppose -18*r - o = -5047. What is the hundreds digit of r?
2
Suppose -8*q + 3*q = 2*i - 610, -122 = -q - 4*i. Let u = q + -63. Suppose -99 = u*k - 62*k. What is the units digit of k?
3
Let z(c) = 18*c + 28. Let q(r) = 19*r + 27. Let l(m) = -m + 9. Let w be l(13). Let b(d) = w*z(d) + 3*q(d). What is the units digit of b(-10)?
9
Let s(h) = 3806*h**2 + 46*h + 47. What is the units digit of s(-1)?
7
Suppose 966 = -357*b + 360*b. Let w = b - -126. What is the units digit of w?
8
Suppose -2*t + 5*l - 3*l + 8 = 0, 0 = 2*t - 5*l - 20. Suppose 3*p + 4*w - 34 = t, -5*p + 5 = -3*w - 100. Let x = p - -3. What is the tens digit of x?
2
Let u = -628 - 993. Let v = 3502 + u. What is the units digit of v?
1
Suppose 0 = 2*b + 3*x - 12907, 4*b + 10635 = 2*x + 36473. What is the hundreds digit of b?
4
Let y be (230/4)/((-7)/56). Let p = -134 - y. What is the hundreds digit of p?
3
Let x(s) = 2311*s**2 - 23*s + 39. What is the ten thousands digit of x(4)?
3
Suppose 517605 - 193696 = 23*g. What is the tens digit of g?
8
Let w(m) = -21*m - 22. Let f(y) = -21*y - 22. Let v(r) = 2*f(r) - 3*w(r). What is the units digit of v(17)?
9
Let q(l) = -4*l**3 - 3*l**2 + 2*l + 3. Let n(k) = -4*k**3 - 3*k**2 + 3*k + 4. Let b(y) = 5*n(y) - 6*q(y). Let c = 66 + -63. What is the hundreds digit of b(c)?
1
What is the tens digit of 594759/88 - (-6)/32*2?
5
Suppose 3*x = -7*m + 3*m + 64, 5*x - 3*m = 126. Let c = x + 8. Suppose 3*k - c - 22 = 0. What is the tens digit of k?
1
Let u(d) = -d**3 - 19*d**2 + 26*d + 21. Let x be u(-20). Let s = x - -101. What is the tens digit of (s/(-3))/(62/(-1953))?
2
Let j = -188 + 510. Let i = j + 507. What is the tens digit of i?
2
Let k = -400 - -412. What is the hundreds digit of (12/k)/((-3)/(-1479))?
4
Suppose 88*s - 86*s + 40 = 0. Suppose -30 = -23*g + 20*g. What is the tens digit of 2 + (-2592)/s - 6/g?
3
What is the units digit of 116/319 - (-1 - 13/(572/2124040))?
5
Let w(o) = -10*o + 37. Let z be w(-5). Let v = -63 + z. What is the hundreds digit of 1/2 - (-2484)/v?
1
Suppose -14*t + 517462 + 425634 = 0. What is the thousands digit of t?
7
Suppose 0 = 21*p - 26*p + 19210. What is the hundreds digit of 9/(-2)*p/(-51)?
3
Let u(a) = a**2 + a + 1. Let q(t) = -3*t + 42. Let j be q(13). Let v(y) = -2*y**2 - 14*y - 6. Let m(c) = j*u(c) - v(c). What is the hundreds digit of m(-7)?
1
Let j be (-79)/5*40/16*-2. Let p = 334 - j. Suppose -c + p = 2*c. What is the units digit of c?
5
Suppose 6*o - 23*o - 33*o = -1915450. What is the ten thousands digit of o?
3
Suppose c = r - 4*c + 770, 4*r - c + 2985 = 0. Let f = -351 - r. What is the tens digit of f?
9
Let s be 9/4 + 1*8/(-32). Suppose -4*u - 546 = -s*p, -p + 285 = 3*u - 8*u. What is the tens digit of p?
6
Let r(q) = -q**2 - 10*q - 19. Let s be r(-5). Let i(l) = 136*l - 46. What is the units digit of i(s)?
0
What is the thousands digit of ((-36)/(-14))/(113072/18844 + -6)?
6
Suppose 5*k + 2*u = 77941, 2*k - 7*k = u - 77948. What is the tens digit of k?
9
Let u(z) = -14*z**3 - 147*z**2 + 20 + 149*z**2 - 7 - 3*z + 0*z. What is the units digit of u(-3)?
8
Let z(h) = -37*h**2 + 129*h + 84. Let x(b) = 13*b**2 - 43*b - 28. Let r(u) = -17*x(u) - 6*z(u). What is the hundreds digit of r(-14)?
7
Suppose -10 = -5*w - 5. Let y be 3 + 0/(w + 0) - 0. What is the units digit of (1 + 88)/(-3*(-1)/y)?
9
Let w(j) = 62*j + 117. Let n be w(11). Let z = n - 446. What is the units digit of z?
3
Let s = -80 - -119. Let j = s + -46. Let p(a) = -3*a + 11. What is the tens digit of p(j)?
3
Suppose 25*q - 497579 = -6407 + 171678. What is the tens digit of q?
1
Let a(h) = 1300*h - 1871. What is the thousands digit of a(4)?
3
Let g(h) = 3*h**2 + 25*h + 18. Let r(k) = 5*k**2 + 37*k + 27. Let t(d) = -7*g(d) + 5*r(d). What is the tens digit of t(-6)?
9
Suppose -20*f + 182817 = 7*f. What is the hundreds digit of f?
7
Let n = 50723 - 9797. What is the thousands digit of n?
0
Suppose 0 = 466*o - 479*o + 741. What is the tens digit of o?
5
Let p = 60954 - 33130. What is the tens digit of p?
2
Suppose -65*t = -83991 + 81448 - 660132. What is the tens digit of t?
9
What is the ten thousands digit of 5377955/(-277)*8/(-10)?
1
What is the tens digit of 198*313 + (-49 - -63)?
8
Let p(h) = -h**2 - 7*h - 1. Let q(a) = 5*a - 36. Let x be q(6). Let b be p(x). Suppose 4*d - 68 = -2*o, b = 2*o - d - 53. What is the tens digit of o?
3
Let d = -800 + 744. What is the units digit of 58 + d - (-12)/2?
8
Let m = -2763 - -2856. What is the units digit of m?
3
Let t(v) = 2437*v**3 + 2*v**2 + 2*v - 1. Let r be t(-1). Let o = -1676 - r. What is the tens digit of o?
6
Suppose 5*p = 2*f + 36928, 4*p = 5*f - 6*f + 29558. What is the hundreds digit of p?
3
Let v(j) = -98*j**2 - 14 - j**3 + 10 + 81*j**2 - 51*j. What is the tens digit of v(-16)?
5
Suppose 3*b = -2*z + 27676, 0 = -5*z - 232*b + 228*b + 69197. What is the ten thousands digit of z?
1
Suppose -335 = -5*g + 25. Suppose 4*m - 5*m - 129 = 4*c, 5*m + 150 = -5*c. Let r = c + g. What is the units digit of r?
9
Let o = 114 + -110. Suppose b = 4*b - o*s - 2523, 2*b + 5*s - 1682 = 0. What is the units digit of b?
1
Let f = 38 - -30. Let h = f - 64. Suppose h*l = l + 300. What is the units digit of l?
0
Let u = 29 + -24. Suppose x = u - 2. What is the tens digit of (x - (-273 - 8)) + 0 + 0?
8
Let k(w) = -w**3 - 8*w**2 + 2. Let d be k(-8). Suppose -d = t - 7, -2*b = 2*t - 40. Suppose b = h - 1. What is the tens digit of h?
1
Let d = 6574 + -221. What is the units digit of d?
3
Let o = -3147 + 4734. What is the units digit of o?
7
Let w(v) = -v**3 - 5*v**2 - 4*v - 11. Let g be w(-5). Suppose 0 = 4*j - 3*b - 340, -5*j - 11*b + 448 = -g*b. What is the units digit of j?
8
Let y = 2193 + 1818. What is the units digit of y?
1
Let i(u) = u**3 + u**2 - 65. Let l be i(0). Suppose -2*z = 25 + 9. Let b = z - l. What is the tens digit of b?
4
What is the thousands digit of -8643*(-1 + 1/3)?
5
Suppose 0 = 2*r - 3*u - 5462, -80*r + 79*r = -u - 2731. What is the tens digit of r?
3
Let a be 3365/5*(-2 + 1). Let v = -386 - a. Suppose -v = -4*x + 173. What is the hundreds digit of x?
1
Suppose -11*c - 37119 = -198302. What is the hundreds digit of c?
6
Let d = -55 + 57. Suppose d*s + 3*f - 28 - 521 = 0, -3*s + 831 = -3*f. What is the units digit of s?
6
Let u(s) = -11*s - 21. Let f be u(-6). Suppose -f - 49 = t. Let d = -78 - t. What is the tens digit of d?
1
Let f(d) = 23*d - 10. Suppose -y + 2 = -1. Let i be f(y). Let u = i + 41. What is the units digit of u?
0
Suppose -14 + 660 = 17*p. Let z = 37 - p. What is the hundreds digit of (-3)/z*3*1038/54?
1
Suppose -4150*j - 22845 = -4155*j. What is the units digit of j?
9
Suppose -30*n + 7*n + 1474380 = 22*n. What is the tens digit of n?
6
Let s(p) = p**2 + 6*p + 7. Let i be s(-5). Let b(u) = -u**3 + u**2 + 20. Let h be b(3). What is the tens digit of 78 + (-2 - h/i) + 4?
7
Let h(w) = 87*w**3 - 12*w**2 + 20*w - 40. What is the hundreds digit of h(4)?
4
Let d be (0 - -1831) + ((-14)/(-1) - 11). Suppose -d + 294 = -5*q. What is the hundreds digit of q?
3
Let f(m) = -10 + 30 + 12 + 2*m. Let x be f(-15). Suppose -5*r + 386 = -3*d, -4*d - 91 = -x*r + 55. What is the tens digit of r?
7
Let t = 267 + -22. Suppose -35*o = -52*o. Suppose o = -2*g + t + 63. What is the hundreds digit of g?
1
Suppose 3*y = 4*g - 3*g + 8, 26 = -5*g + y. What is the hundreds digit of 2 + 608 + 0 - g?
6
Let s be (-12)/18*((-7)/(-2) + -2). Let i be (-482)/(-4) + 12/8 + s. Let 